{"id":407,"date":"2017-05-04T10:03:07","date_gmt":"2017-05-04T13:03:07","guid":{"rendered":"http:\/\/ecoinovar.institucional.ws\/?page_id=407"},"modified":"2020-11-25T20:02:22","modified_gmt":"2020-11-25T23:02:22","slug":"submissoes","status":"publish","type":"page","link":"https:\/\/ecoinovar.com\/9\/submissoes\/","title":{"rendered":"Submiss\u00e3o de trabalhos"},"content":{"rendered":"\t\t<div data-elementor-type=\"wp-page\" data-elementor-id=\"407\" class=\"elementor elementor-407\" data-elementor-post-type=\"page\">\n\t\t\t\t\t\t<section class=\"elementor-section elementor-top-section elementor-element elementor-element-57a18766 elementor-section-boxed elementor-section-height-default elementor-section-height-default\" data-id=\"57a18766\" data-element_type=\"section\">\n\t\t\t\t\t\t<div class=\"elementor-container elementor-column-gap-default\">\n\t\t\t\t\t<div class=\"elementor-column elementor-col-100 elementor-top-column elementor-element elementor-element-6e148271\" data-id=\"6e148271\" data-element_type=\"column\">\n\t\t\t<div class=\"elementor-widget-wrap elementor-element-populated\">\n\t\t\t\t\t\t<div class=\"elementor-element elementor-element-5eac72df elementor-widget elementor-widget-text-editor\" data-id=\"5eac72df\" data-element_type=\"widget\" data-widget_type=\"text-editor.default\">\n\t\t\t\t<div class=\"elementor-widget-container\">\n\t\t\t\t\t\t\t\t\t<p style=\"text-align: justify;\">Os trabalhos a serem submetidos ao F\u00f3rum Internacional Ecoinovar poder\u00e3o ser resultantes de teses\/disserta\u00e7\u00f5es, pesquisas acad\u00eamicas, divulga\u00e7\u00e3o de pr\u00e1ticas no campo da inova\u00e7\u00e3o e da sustentabilidade, estudos de caso e relatos de experi\u00eancias. Os estudos poder\u00e3o ser&nbsp;individuais ou em colabora\u00e7\u00e3o, contando com <span style=\"text-decoration: underline;\">no m\u00e1ximo cinco&nbsp;autores por trabalho<\/span>. Al\u00e9m disso, limita-se a submiss\u00e3o de <span style=\"text-decoration: underline;\">at\u00e9 tr\u00eas&nbsp;trabalhos por autor<\/span>, considerando autoria ou co-autoria.<\/p>\n<p style=\"text-align: justify;\"><strong>IMPORTANTE:<\/strong>&nbsp;Exige-se&nbsp;que&nbsp;<span style=\"text-decoration: underline;\">todos autores e co-autores realizem&nbsp;previamente um cadastro no&nbsp;sistema e o mantenham atualizado<\/span> para que, no momento da submiss\u00e3o,&nbsp;o autor respons\u00e1vel pela submiss\u00e3o possa adicionar os demais autores. Caso algum co-autor n\u00e3o esteja cadastrado no sistema no momento da submiss\u00e3o, o autor que estiver realizando a submiss\u00e3o dever\u00e1 realizar um pr\u00e9-cadastro, informando <span style=\"text-decoration: underline;\">Nome, CPF e E-mail<\/span> do co-autor sem cadastro e este receber\u00e1 um e-mail com a solicita\u00e7\u00e3o para que complete o cadastro.<\/p>\n<p style=\"text-align: justify;\">Os trabalhos poder\u00e3o ser escritos em portugu\u00eas, ingl\u00eas ou espanhol e as normas de formata\u00e7\u00e3o dos trabalhos est\u00e3o dispon\u00edveis em um link ao fim desta p\u00e1gina. <span style=\"text-decoration: underline;\">Os arquivos para o 9\u00ba F\u00f3rum devem&nbsp;ser submetidos em arquivo formato .pdf.<\/span>&nbsp;Arquivos que estejam fora dos padr\u00f5es de formata\u00e7\u00e3o exigidos ser\u00e3o rejeitados pela comiss\u00e3o organizadora.<\/p>\n<p style=\"text-align: justify;\">Os autores poder\u00e3o escolher, no momento da submiss\u00e3o, entre duas&nbsp;modalidades de participa\u00e7\u00e3o no evento:<\/p>\n<ul style=\"text-align: justify;\">\n<li><strong>Artigo Cient\u00edfico<\/strong>&nbsp;\u2013 apresentados nas sess\u00f5es tem\u00e1ticas (apresenta\u00e7\u00e3o oral) ou sess\u00f5es de p\u00f4ster.<\/li>\n<li><strong>Resumo Expandido <\/strong>\u2013 apresentados nas sess\u00f5es de p\u00f4ster.<\/li>\n<\/ul>\n<p style=\"text-align: justify;\">Os trabalhos ser\u00e3o submetidos via internet, em formul\u00e1rio dispon\u00edvel nesta p\u00e1gina, <strong>at\u00e9 \u00e0s 23h59m do dia 10 de setembro de 2020.<\/strong><\/p>\t\t\t\t\t\t\t\t<\/div>\n\t\t\t\t<\/div>\n\t\t\t\t\t<\/div>\n\t\t<\/div>\n\t\t\t\t\t<\/div>\n\t\t<\/section>\n\t\t\t\t<section class=\"elementor-section elementor-top-section elementor-element elementor-element-f4aed69 elementor-section-boxed elementor-section-height-default elementor-section-height-default\" data-id=\"f4aed69\" data-element_type=\"section\">\n\t\t\t\t\t\t<div class=\"elementor-container elementor-column-gap-default\">\n\t\t\t\t\t<div class=\"elementor-column elementor-col-100 elementor-top-column elementor-element elementor-element-096ce87\" data-id=\"096ce87\" data-element_type=\"column\">\n\t\t\t<div class=\"elementor-widget-wrap elementor-element-populated\">\n\t\t\t\t\t\t<div class=\"elementor-element elementor-element-c3dd767 elementor-widget elementor-widget-text-editor\" data-id=\"c3dd767\" data-element_type=\"widget\" data-widget_type=\"text-editor.default\">\n\t\t\t\t<div class=\"elementor-widget-container\">\n\t\t\t\t\t\t\t\t\t<p>\n<span style=\"font-size: inherit;\"><br>\nOs artigos cient\u00edficos e resumos expandidos ser\u00e3o criteriosamente avaliados e selecionados, por meio de uma avalia\u00e7\u00e3o cega por pares, segundo os crit\u00e9rios a seguir:<\/span><span style=\"font-size: inherit; text-align: justify;\">Os trabalhos previamente selecionados ser\u00e3o apresentados pelos seus autores durante a realiza\u00e7\u00e3o do evento.&nbsp;No momento da submiss\u00e3o, os autores poder\u00e3o indicar a forma de apresenta\u00e7\u00e3o preferida, sess\u00e3o oral ou p\u00f4ster. <\/span><span style=\"text-decoration: underline;\">A comiss\u00e3o organizadora<\/span><span style=\"font-size: inherit; text-align: justify;\"> ir\u00e1 procurar atender \u00e0s prefer\u00eancias dos autores, por\u00e9m <\/span><span style=\"text-decoration: underline;\">reserva-se ao direito de definir o formato de apresenta\u00e7\u00e3o dos trabalhos de acordo com a infraestrutura dispon\u00edvel e a quantidade de trabalhos aprovados<\/span><span style=\"font-size: inherit; text-align: justify;\">, sendo a indica\u00e7\u00e3o do autor uma sugest\u00e3o. Portanto, na divulga\u00e7\u00e3o dos trabalhos aprovados, confira a modalidade de apresenta\u00e7\u00e3o de seu trabalho.<\/span><\/p>\n<ul style=\"text-align: justify;\">\n<li>Ader\u00eancia aos eixos tem\u00e1ticos;<\/li>\n<li>Pertin\u00eancia e relev\u00e2ncia para os objetivos do evento;<\/li>\n<li>Abordagem criativa e inovadora;<\/li>\n<li>Originalidade;<\/li>\n<li>Concis\u00e3o e clareza da linguagem, leitura flu\u00edda;<\/li>\n<li>Base te\u00f3rica-conceitual que reflita o estado-da-arte do campo de conhecimento;<\/li>\n<li>Estrat\u00e9gia de pesquisa bem estruturada e coerente com os objetivos propostos e que deve constar do resumo aprovado;<\/li>\n<li>Conclus\u00e3o coerente, clara e objetiva;<\/li>\n<li>Contribui\u00e7\u00f5es \u00e0 pr\u00e1tica administrativa e\/ou ao campo de conhecimento correspondente.<\/li>\n<li>Os interessados em submeter trabalhos poder\u00e3o ter aprovados de um a tr\u00eas trabalhos. A contagem do n\u00famero de trabalhos n\u00e3o distingue autoria e co-autoria.<\/li>\n<\/ul>\n<p style=\"text-align: justify;\"><strong>DIVULGA\u00c7\u00c3O DOS RESULTADOS E PUBLICA\u00c7\u00c3O DOS TRABALHOS SELECIONADOS:<\/strong><\/p>\n<p style=\"text-align: justify;\">1) A organiza\u00e7\u00e3o do evento divulgar\u00e1 os resultados, contendo a rela\u00e7\u00e3o dos artigos e resumos selecionados, at\u00e9 o dia&nbsp;30 de setembro de 2020.<\/p>\n<p style=\"text-align: justify;\">2) A inclus\u00e3o&nbsp;do trabalho aceito na programa\u00e7\u00e3o do evento est\u00e1 condicionada \u00e0 inscri\u00e7\u00e3o no evento e ao respectivo pagamento de pelo menos um autor do trabalho at\u00e9 o dia 20 de outubro de 2020. Ap\u00f3s esta data, n\u00e3o ser\u00e1 mais poss\u00edvel incluir qualquer trabalho na programa\u00e7\u00e3o do evento, mesmo estando aprovado no processo de avalia\u00e7\u00e3o.<\/p>\n<p style=\"text-align: justify;\">3) A inclus\u00e3o do trabalho nos anais eletr\u00f4nicos do 9\u00ba F\u00f3rum Internacional Ecoinovar, publicados no site do evento, ocorrer\u00e1 somente mediante a apresenta\u00e7\u00e3o do trabalho por um (ou mais) dos autores devidamente inscrito(s) no evento. A apresenta\u00e7\u00e3o do trabalho por autor(es) que n\u00e3o esteja(m) inscrito(s) no evento ou a apresenta\u00e7\u00e3o por participante(s) que n\u00e3o seja(m) autor(es) do trabalho resultar\u00e1 na aus\u00eancia do estudo na publica\u00e7\u00e3o dos anais do evento.<\/p>\n<p style=\"text-align: justify;\">4) Ressalva-se que cada trabalho dever\u00e1 ser in\u00e9dito, n\u00e3o tendo sido publicado sob qualquer forma impressa ou eletr\u00f4nica, devendo assim permanecer at\u00e9 o t\u00e9rmino do evento.<\/p>\n<p style=\"text-align: justify;\">5) Os melhores trabalhos selecionados estar\u00e3o concorrendo a <em>fast-track<\/em> na Revista de Administra\u00e7\u00e3o da UFSM \u2013 ReA (Qualis B1), na Revista Gest\u00e3o e Desenvolvimento da Universidade FEEVALE (Qualis B3) e&nbsp;<span style=\"word-spacing: normal;\">na&nbsp;<\/span><a href=\"http:\/\/ecoinovar.submissao.com.br\/9ecoinovar\/comissao-trabalhos-fasttrack.php?cod_revista=3\" style=\"word-spacing: normal;\"><span style=\"color: rgb(119, 119, 119);\">Revista de Gest\u00e3o e Organiza\u00e7\u00f5es Cooperativas<\/span><\/a><span style=\"word-spacing: normal;\">&nbsp;<\/span><span style=\"word-spacing: normal;\">(Qualis B4).<\/span><\/p>\t\t\t\t\t\t\t\t<\/div>\n\t\t\t\t<\/div>\n\t\t\t\t\t<\/div>\n\t\t<\/div>\n\t\t\t\t\t<\/div>\n\t\t<\/section>\n\t\t\t\t<section class=\"elementor-section elementor-top-section elementor-element elementor-element-181b192 elementor-section-boxed elementor-section-height-default elementor-section-height-default\" data-id=\"181b192\" data-element_type=\"section\">\n\t\t\t\t\t\t<div class=\"elementor-container elementor-column-gap-default\">\n\t\t\t\t\t<div class=\"elementor-column elementor-col-100 elementor-top-column elementor-element elementor-element-73f8388\" data-id=\"73f8388\" data-element_type=\"column\">\n\t\t\t<div class=\"elementor-widget-wrap elementor-element-populated\">\n\t\t\t\t\t\t<div class=\"elementor-element elementor-element-15d90d2 elementor-widget elementor-widget-heading\" data-id=\"15d90d2\" data-element_type=\"widget\" data-widget_type=\"heading.default\">\n\t\t\t\t<div class=\"elementor-widget-container\">\n\t\t\t\t\t<h3 class=\"elementor-heading-title elementor-size-large\">Normas para submiss\u00e3o de trabalhos<\/h3>\t\t\t\t<\/div>\n\t\t\t\t<\/div>\n\t\t\t\t<section class=\"elementor-section elementor-inner-section elementor-element elementor-element-ddc1194 elementor-section-boxed elementor-section-height-default elementor-section-height-default\" data-id=\"ddc1194\" data-element_type=\"section\">\n\t\t\t\t\t\t<div class=\"elementor-container elementor-column-gap-default\">\n\t\t\t\t\t<div class=\"elementor-column elementor-col-50 elementor-inner-column elementor-element elementor-element-47e9cb2\" data-id=\"47e9cb2\" data-element_type=\"column\">\n\t\t\t<div class=\"elementor-widget-wrap elementor-element-populated\">\n\t\t\t\t\t\t<div class=\"elementor-element elementor-element-6d3cd9e elementor-align-center elementor-widget elementor-widget-button\" data-id=\"6d3cd9e\" data-element_type=\"widget\" data-widget_type=\"button.default\">\n\t\t\t\t<div class=\"elementor-widget-container\">\n\t\t\t\t\t\t\t\t\t<div class=\"elementor-button-wrapper\">\n\t\t\t\t\t<a class=\"elementor-button elementor-button-link elementor-size-xl\" href=\"https:\/\/ecoinovar.com\/9\/wp-content\/uploads\/2020\/05\/NORMAS_Ecoinovar_Pt.pdf\" target=\"_blank\" id=\"btn-home\">\n\t\t\t\t\t\t<span class=\"elementor-button-content-wrapper\">\n\t\t\t\t\t\t\t\t\t<span class=\"elementor-button-text\">NORMAS T\u00c9CNICAS PARA A SUBMISS\u00c3O DE TRABALHOS <br> <span class=\"subtituloBtnCaixa\"> Baixe o arquivo e conhe\u00e7a as regras...<\/span><\/span>\n\t\t\t\t\t<\/span>\n\t\t\t\t\t<\/a>\n\t\t\t\t<\/div>\n\t\t\t\t\t\t\t\t<\/div>\n\t\t\t\t<\/div>\n\t\t\t\t\t<\/div>\n\t\t<\/div>\n\t\t\t\t<div class=\"elementor-column elementor-col-50 elementor-inner-column elementor-element elementor-element-6286949\" data-id=\"6286949\" data-element_type=\"column\">\n\t\t\t<div class=\"elementor-widget-wrap\">\n\t\t\t\t\t\t\t<\/div>\n\t\t<\/div>\n\t\t\t\t\t<\/div>\n\t\t<\/section>\n\t\t\t\t<section class=\"elementor-section elementor-inner-section elementor-element elementor-element-aee8634 elementor-section-boxed elementor-section-height-default elementor-section-height-default\" data-id=\"aee8634\" data-element_type=\"section\">\n\t\t\t\t\t\t<div class=\"elementor-container elementor-column-gap-default\">\n\t\t\t\t\t<div class=\"elementor-column elementor-col-50 elementor-inner-column elementor-element elementor-element-a8b254c\" data-id=\"a8b254c\" data-element_type=\"column\">\n\t\t\t<div class=\"elementor-widget-wrap elementor-element-populated\">\n\t\t\t\t\t\t<div class=\"elementor-element elementor-element-f6c6f1e elementor-align-center elementor-widget elementor-widget-button\" data-id=\"f6c6f1e\" data-element_type=\"widget\" data-widget_type=\"button.default\">\n\t\t\t\t<div class=\"elementor-widget-container\">\n\t\t\t\t\t\t\t\t\t<div class=\"elementor-button-wrapper\">\n\t\t\t\t\t<a class=\"elementor-button elementor-button-link elementor-size-xl\" href=\"https:\/\/ecoinovar.com\/9\/wp-content\/uploads\/2020\/05\/NORMAS_Ecoinovar_En.pdf\" target=\"_blank\" id=\"btn-home\">\n\t\t\t\t\t\t<span class=\"elementor-button-content-wrapper\">\n\t\t\t\t\t\t\t\t\t<span class=\"elementor-button-text\">TECHNICAL STANDARDS FOR SUBMISSION OF WORKS <br><span class=\"subtituloBtnCaixa\">  Download the file and know the rules...<\/span><\/span>\n\t\t\t\t\t<\/span>\n\t\t\t\t\t<\/a>\n\t\t\t\t<\/div>\n\t\t\t\t\t\t\t\t<\/div>\n\t\t\t\t<\/div>\n\t\t\t\t\t<\/div>\n\t\t<\/div>\n\t\t\t\t<div class=\"elementor-column elementor-col-50 elementor-inner-column elementor-element elementor-element-8c655fa\" data-id=\"8c655fa\" data-element_type=\"column\">\n\t\t\t<div class=\"elementor-widget-wrap\">\n\t\t\t\t\t\t\t<\/div>\n\t\t<\/div>\n\t\t\t\t\t<\/div>\n\t\t<\/section>\n\t\t\t\t<section class=\"elementor-section elementor-inner-section elementor-element elementor-element-917ba5d elementor-section-boxed elementor-section-height-default elementor-section-height-default\" data-id=\"917ba5d\" data-element_type=\"section\">\n\t\t\t\t\t\t<div class=\"elementor-container elementor-column-gap-default\">\n\t\t\t\t\t<div class=\"elementor-column elementor-col-50 elementor-inner-column elementor-element elementor-element-8f40d52\" data-id=\"8f40d52\" data-element_type=\"column\">\n\t\t\t<div class=\"elementor-widget-wrap elementor-element-populated\">\n\t\t\t\t\t\t<div class=\"elementor-element elementor-element-8886012 elementor-align-center elementor-widget elementor-widget-button\" data-id=\"8886012\" data-element_type=\"widget\" data-widget_type=\"button.default\">\n\t\t\t\t<div class=\"elementor-widget-container\">\n\t\t\t\t\t\t\t\t\t<div class=\"elementor-button-wrapper\">\n\t\t\t\t\t<a class=\"elementor-button elementor-button-link elementor-size-xl\" href=\"https:\/\/ecoinovar.com\/9\/wp-content\/uploads\/2020\/05\/NORMAS_Ecoinovar_Es.pdf\" target=\"_blank\" id=\"btn-home\">\n\t\t\t\t\t\t<span class=\"elementor-button-content-wrapper\">\n\t\t\t\t\t\t\t\t\t<span class=\"elementor-button-text\">NORMAS T\u00c9CNICAS PARA LA PRESENTACI\u00d3N DE TRABAJOS <br><span class=\"subtituloBtnCaixa\">  Descarga el archivo y conoce las reglas...<\/span><\/span>\n\t\t\t\t\t<\/span>\n\t\t\t\t\t<\/a>\n\t\t\t\t<\/div>\n\t\t\t\t\t\t\t\t<\/div>\n\t\t\t\t<\/div>\n\t\t\t\t\t<\/div>\n\t\t<\/div>\n\t\t\t\t<div class=\"elementor-column elementor-col-50 elementor-inner-column elementor-element elementor-element-6ec57ad\" data-id=\"6ec57ad\" data-element_type=\"column\">\n\t\t\t<div class=\"elementor-widget-wrap\">\n\t\t\t\t\t\t\t<\/div>\n\t\t<\/div>\n\t\t\t\t\t<\/div>\n\t\t<\/section>\n\t\t\t\t\t<\/div>\n\t\t<\/div>\n\t\t\t\t\t<\/div>\n\t\t<\/section>\n\t\t\t\t<section class=\"elementor-section elementor-top-section elementor-element elementor-element-9182943 elementor-section-boxed elementor-section-height-default elementor-section-height-default\" data-id=\"9182943\" data-element_type=\"section\">\n\t\t\t\t\t\t<div class=\"elementor-container elementor-column-gap-default\">\n\t\t\t\t\t<div class=\"elementor-column elementor-col-100 elementor-top-column elementor-element elementor-element-8573a73\" data-id=\"8573a73\" data-element_type=\"column\">\n\t\t\t<div class=\"elementor-widget-wrap elementor-element-populated\">\n\t\t\t\t\t\t<div class=\"elementor-element elementor-element-db21f59 elementor-widget elementor-widget-heading\" data-id=\"db21f59\" data-element_type=\"widget\" data-widget_type=\"heading.default\">\n\t\t\t\t<div class=\"elementor-widget-container\">\n\t\t\t\t\t<h3 class=\"elementor-heading-title elementor-size-large\">Template para envio dos Trabalhos<\/h3>\t\t\t\t<\/div>\n\t\t\t\t<\/div>\n\t\t\t\t<section class=\"elementor-section elementor-inner-section elementor-element elementor-element-a32d3ff elementor-section-boxed elementor-section-height-default elementor-section-height-default\" data-id=\"a32d3ff\" data-element_type=\"section\">\n\t\t\t\t\t\t<div class=\"elementor-container elementor-column-gap-default\">\n\t\t\t\t\t<div class=\"elementor-column elementor-col-100 elementor-inner-column elementor-element elementor-element-f7861b2\" data-id=\"f7861b2\" data-element_type=\"column\">\n\t\t\t<div class=\"elementor-widget-wrap\">\n\t\t\t\t\t\t\t<\/div>\n\t\t<\/div>\n\t\t\t\t\t<\/div>\n\t\t<\/section>\n\t\t\t\t<section class=\"elementor-section elementor-inner-section elementor-element elementor-element-5587a59 elementor-section-boxed elementor-section-height-default elementor-section-height-default\" data-id=\"5587a59\" data-element_type=\"section\">\n\t\t\t\t\t\t<div class=\"elementor-container elementor-column-gap-default\">\n\t\t\t\t\t<div class=\"elementor-column elementor-col-50 elementor-inner-column elementor-element elementor-element-d1bbd20\" data-id=\"d1bbd20\" data-element_type=\"column\">\n\t\t\t<div class=\"elementor-widget-wrap elementor-element-populated\">\n\t\t\t\t\t\t<div class=\"elementor-element elementor-element-8ed70e1 elementor-align-center elementor-widget elementor-widget-button\" data-id=\"8ed70e1\" data-element_type=\"widget\" data-widget_type=\"button.default\">\n\t\t\t\t<div class=\"elementor-widget-container\">\n\t\t\t\t\t\t\t\t\t<div class=\"elementor-button-wrapper\">\n\t\t\t\t\t<a class=\"elementor-button elementor-button-link elementor-size-xl\" href=\"https:\/\/ecoinovar.com\/9\/wp-content\/uploads\/2019\/07\/Template-Ecoinovar_Pt.docx\" target=\"_blank\" id=\"btn-home\">\n\t\t\t\t\t\t<span class=\"elementor-button-content-wrapper\">\n\t\t\t\t\t\t\t\t\t<span class=\"elementor-button-text\">TEMPLATE - PORTUGU\u00caS <br> <span class=\"subtituloBtnCaixa\">  Baixe o arquivo...<\/span><\/span>\n\t\t\t\t\t<\/span>\n\t\t\t\t\t<\/a>\n\t\t\t\t<\/div>\n\t\t\t\t\t\t\t\t<\/div>\n\t\t\t\t<\/div>\n\t\t\t\t\t<\/div>\n\t\t<\/div>\n\t\t\t\t<div class=\"elementor-column elementor-col-50 elementor-inner-column elementor-element elementor-element-b87b4fc\" data-id=\"b87b4fc\" data-element_type=\"column\">\n\t\t\t<div class=\"elementor-widget-wrap\">\n\t\t\t\t\t\t\t<\/div>\n\t\t<\/div>\n\t\t\t\t\t<\/div>\n\t\t<\/section>\n\t\t\t\t<section class=\"elementor-section elementor-inner-section elementor-element elementor-element-eddf95c elementor-section-boxed elementor-section-height-default elementor-section-height-default\" data-id=\"eddf95c\" data-element_type=\"section\">\n\t\t\t\t\t\t<div class=\"elementor-container elementor-column-gap-default\">\n\t\t\t\t\t<div class=\"elementor-column elementor-col-50 elementor-inner-column elementor-element elementor-element-dc79e18\" data-id=\"dc79e18\" data-element_type=\"column\">\n\t\t\t<div class=\"elementor-widget-wrap elementor-element-populated\">\n\t\t\t\t\t\t<div class=\"elementor-element elementor-element-93a5eb4 elementor-align-center elementor-widget elementor-widget-button\" data-id=\"93a5eb4\" data-element_type=\"widget\" data-widget_type=\"button.default\">\n\t\t\t\t<div class=\"elementor-widget-container\">\n\t\t\t\t\t\t\t\t\t<div class=\"elementor-button-wrapper\">\n\t\t\t\t\t<a class=\"elementor-button elementor-button-link elementor-size-xl\" href=\"https:\/\/ecoinovar.com\/9\/wp-content\/uploads\/2019\/07\/Template-Ecoinovar_Es.docx\" target=\"_blank\" id=\"btn-home\">\n\t\t\t\t\t\t<span class=\"elementor-button-content-wrapper\">\n\t\t\t\t\t\t\t\t\t<span class=\"elementor-button-text\">TEMPLATE - ENGLISH <br> <span class=\"subtituloBtnCaixa\">  Download the file...<\/span><\/span>\n\t\t\t\t\t<\/span>\n\t\t\t\t\t<\/a>\n\t\t\t\t<\/div>\n\t\t\t\t\t\t\t\t<\/div>\n\t\t\t\t<\/div>\n\t\t\t\t\t<\/div>\n\t\t<\/div>\n\t\t\t\t<div class=\"elementor-column elementor-col-50 elementor-inner-column elementor-element elementor-element-22c5230\" data-id=\"22c5230\" data-element_type=\"column\">\n\t\t\t<div class=\"elementor-widget-wrap\">\n\t\t\t\t\t\t\t<\/div>\n\t\t<\/div>\n\t\t\t\t\t<\/div>\n\t\t<\/section>\n\t\t\t\t<section class=\"elementor-section elementor-inner-section elementor-element elementor-element-beb600f elementor-section-boxed elementor-section-height-default elementor-section-height-default\" data-id=\"beb600f\" data-element_type=\"section\">\n\t\t\t\t\t\t<div class=\"elementor-container elementor-column-gap-default\">\n\t\t\t\t\t<div class=\"elementor-column elementor-col-50 elementor-inner-column elementor-element elementor-element-ed30d8e\" data-id=\"ed30d8e\" data-element_type=\"column\">\n\t\t\t<div class=\"elementor-widget-wrap elementor-element-populated\">\n\t\t\t\t\t\t<div class=\"elementor-element elementor-element-8e4575b elementor-align-center elementor-widget elementor-widget-button\" data-id=\"8e4575b\" data-element_type=\"widget\" data-widget_type=\"button.default\">\n\t\t\t\t<div class=\"elementor-widget-container\">\n\t\t\t\t\t\t\t\t\t<div class=\"elementor-button-wrapper\">\n\t\t\t\t\t<a class=\"elementor-button elementor-button-link elementor-size-xl\" href=\"https:\/\/ecoinovar.com\/9\/wp-content\/uploads\/2019\/07\/Template-Ecoinovar_Es.docx\" target=\"_blank\" id=\"btn-home\">\n\t\t\t\t\t\t<span class=\"elementor-button-content-wrapper\">\n\t\t\t\t\t\t\t\t\t<span class=\"elementor-button-text\">TEMPLATE - ESPAN\u00d5L<br> <span class=\"subtituloBtnCaixa\">  Descargar el archivo...<\/span><\/span>\n\t\t\t\t\t<\/span>\n\t\t\t\t\t<\/a>\n\t\t\t\t<\/div>\n\t\t\t\t\t\t\t\t<\/div>\n\t\t\t\t<\/div>\n\t\t\t\t\t<\/div>\n\t\t<\/div>\n\t\t\t\t<div class=\"elementor-column elementor-col-50 elementor-inner-column elementor-element elementor-element-f9acf33\" data-id=\"f9acf33\" data-element_type=\"column\">\n\t\t\t<div class=\"elementor-widget-wrap\">\n\t\t\t\t\t\t\t<\/div>\n\t\t<\/div>\n\t\t\t\t\t<\/div>\n\t\t<\/section>\n\t\t\t\t\t<\/div>\n\t\t<\/div>\n\t\t\t\t\t<\/div>\n\t\t<\/section>\n\t\t\t\t<section class=\"elementor-section elementor-top-section elementor-element elementor-element-01b9c36 elementor-section-boxed elementor-section-height-default elementor-section-height-default\" data-id=\"01b9c36\" data-element_type=\"section\">\n\t\t\t\t\t\t<div class=\"elementor-container elementor-column-gap-default\">\n\t\t\t\t\t<div class=\"elementor-column elementor-col-100 elementor-top-column elementor-element elementor-element-c27008a\" data-id=\"c27008a\" data-element_type=\"column\">\n\t\t\t<div class=\"elementor-widget-wrap elementor-element-populated\">\n\t\t\t\t\t\t<div class=\"elementor-element elementor-element-b725a2e elementor-widget elementor-widget-heading\" data-id=\"b725a2e\" data-element_type=\"widget\" data-widget_type=\"heading.default\">\n\t\t\t\t<div class=\"elementor-widget-container\">\n\t\t\t\t\t<h3 class=\"elementor-heading-title elementor-size-large\">Submiss\u00e3o de trabalhos<\/h3>\t\t\t\t<\/div>\n\t\t\t\t<\/div>\n\t\t\t\t<section class=\"elementor-section elementor-inner-section elementor-element elementor-element-b68cb58 elementor-section-boxed elementor-section-height-default elementor-section-height-default\" data-id=\"b68cb58\" data-element_type=\"section\">\n\t\t\t\t\t\t<div class=\"elementor-container elementor-column-gap-default\">\n\t\t\t\t\t<div class=\"elementor-column elementor-col-50 elementor-inner-column elementor-element elementor-element-a608894\" data-id=\"a608894\" data-element_type=\"column\">\n\t\t\t<div class=\"elementor-widget-wrap elementor-element-populated\">\n\t\t\t\t\t\t<div class=\"elementor-element elementor-element-73ef76c elementor-align-center elementor-widget elementor-widget-button\" data-id=\"73ef76c\" data-element_type=\"widget\" data-widget_type=\"button.default\">\n\t\t\t\t<div class=\"elementor-widget-container\">\n\t\t\t\t\t\t\t\t\t<div class=\"elementor-button-wrapper\">\n\t\t\t\t\t<a class=\"elementor-button elementor-button-link elementor-size-xl\" href=\"http:\/\/ecoinovar.submissao.com.br\/\" target=\"_blank\" id=\"btn-home\">\n\t\t\t\t\t\t<span class=\"elementor-button-content-wrapper\">\n\t\t\t\t\t\t\t\t\t<span class=\"elementor-button-text\">ACESSE O SISTEMA <br> <span class=\"subtituloBtnCaixa\">  Acesse o sistema e envie seu trabalho<\/span><\/span>\n\t\t\t\t\t<\/span>\n\t\t\t\t\t<\/a>\n\t\t\t\t<\/div>\n\t\t\t\t\t\t\t\t<\/div>\n\t\t\t\t<\/div>\n\t\t\t\t\t<\/div>\n\t\t<\/div>\n\t\t\t\t<div class=\"elementor-column elementor-col-50 elementor-inner-column elementor-element elementor-element-809d7ea\" data-id=\"809d7ea\" data-element_type=\"column\">\n\t\t\t<div class=\"elementor-widget-wrap\">\n\t\t\t\t\t\t\t<\/div>\n\t\t<\/div>\n\t\t\t\t\t<\/div>\n\t\t<\/section>\n\t\t\t\t\t<\/div>\n\t\t<\/div>\n\t\t\t\t\t<\/div>\n\t\t<\/section>\n\t\t\t\t<\/div>\n\t\t","protected":false},"excerpt":{"rendered":"<p>Os trabalhos a serem submetidos ao F\u00f3rum Internacional Ecoinovar poder\u00e3o ser resultantes de teses\/disserta\u00e7\u00f5es, pesquisas acad\u00eamicas, divulga\u00e7\u00e3o de pr\u00e1ticas no campo da inova\u00e7\u00e3o e da sustentabilidade, estudos de caso e relatos de experi\u00eancias. Os estudos poder\u00e3o ser&nbsp;individuais ou em colabora\u00e7\u00e3o, contando com no m\u00e1ximo cinco&nbsp;autores por trabalho. Al\u00e9m disso, limita-se a submiss\u00e3o de at\u00e9 tr\u00eas&nbsp;trabalhos&hellip;<\/p>\n","protected":false},"author":1,"featured_media":0,"parent":0,"menu_order":0,"comment_status":"closed","ping_status":"open","template":"","meta":{"footnotes":"","_links_to":"","_links_to_target":""},"class_list":["post-407","page","type-page","status-publish","hentry"],"_links":{"self":[{"href":"https:\/\/ecoinovar.com\/9\/wp-json\/wp\/v2\/pages\/407","targetHints":{"allow":["GET"]}}],"collection":[{"href":"https:\/\/ecoinovar.com\/9\/wp-json\/wp\/v2\/pages"}],"about":[{"href":"https:\/\/ecoinovar.com\/9\/wp-json\/wp\/v2\/types\/page"}],"author":[{"embeddable":true,"href":"https:\/\/ecoinovar.com\/9\/wp-json\/wp\/v2\/users\/1"}],"replies":[{"embeddable":true,"href":"https:\/\/ecoinovar.com\/9\/wp-json\/wp\/v2\/comments?post=407"}],"version-history":[{"count":18,"href":"https:\/\/ecoinovar.com\/9\/wp-json\/wp\/v2\/pages\/407\/revisions"}],"predecessor-version":[{"id":3512,"href":"https:\/\/ecoinovar.com\/9\/wp-json\/wp\/v2\/pages\/407\/revisions\/3512"}],"wp:attachment":[{"href":"https:\/\/ecoinovar.com\/9\/wp-json\/wp\/v2\/media?parent=407"}],"curies":[{"name":"wp","href":"https:\/\/api.w.org\/{rel}","templated":true}]}}