{"id":1389,"date":"2024-12-09T12:34:08","date_gmt":"2024-12-09T15:34:08","guid":{"rendered":"https:\/\/ecoinovar.com\/13\/?page_id=1389"},"modified":"2024-12-09T12:58:32","modified_gmt":"2024-12-09T15:58:32","slug":"melhores-trabalhos","status":"publish","type":"page","link":"https:\/\/ecoinovar.com\/13\/melhores-trabalhos\/","title":{"rendered":"Melhores Trabalhos"},"content":{"rendered":"\n<figure class=\"wp-block-table is-style-regular\"><table><tbody><tr><td  style=\"white-space:nowrap\"><strong>1\u00ba lugar<\/strong><\/td><td><strong>Resili\u00eancia Financeira e o papel da Governan\u00e7a Corporativa.<\/strong><br>Aliki Karagrigoriou Galanos<br>Vanessa Rabelo Dutra<\/td><\/tr><tr><td><strong>2\u00ba lugar<\/strong><\/td><td><strong>CRIAN\u00c7A, CONSUMO E SUSTENTABILIDADE: Um Estudo sobre a Percep\u00e7\u00e3o dos Pais em Rela\u00e7\u00e3o aos Impactos Econ\u00f4micos, Sociais e Ambientais do Consumo de Brinquedos dos filhos<\/strong><br>Bruna Antonia Brites Camargo<br>Andressa Hennig Silva<\/td><\/tr><tr><td><strong>3\u00ba lugar<\/strong><\/td><td><strong>RELA\u00c7\u00c3O ENTRE INTELIG\u00caNCIA ARTIFICIAL E PERFORMANCE EMPRESARIAL: UMA AN\u00c1LISE BIBLIOM\u00c9TRICA<\/strong><br>Theodora Lucas Holz<br>Ricardo Saraiva Frio<\/td><\/tr><\/tbody><\/table><\/figure>\n","protected":false},"excerpt":{"rendered":"<p>1\u00ba lugar Resili\u00eancia Financeira e o papel da Governan\u00e7a Corporativa.Aliki Karagrigoriou GalanosVanessa Rabelo Dutra 2\u00ba lugar CRIAN\u00c7A, CONSUMO E SUSTENTABILIDADE: Um Estudo sobre a Percep\u00e7\u00e3o dos Pais em Rela\u00e7\u00e3o aos Impactos Econ\u00f4micos, Sociais e Ambientais do Consumo de Brinquedos dos filhosBruna Antonia Brites CamargoAndressa Hennig Silva 3\u00ba lugar RELA\u00c7\u00c3O ENTRE INTELIG\u00caNCIA ARTIFICIAL E PERFORMANCE EMPRESARIAL:&hellip;<\/p>\n","protected":false},"author":1,"featured_media":0,"parent":0,"menu_order":0,"comment_status":"closed","ping_status":"closed","template":"","meta":{"footnotes":"","_links_to":"","_links_to_target":""},"class_list":["post-1389","page","type-page","status-publish","hentry","description-off"],"yoast_head":"<!-- This site is optimized with the Yoast SEO plugin v25.9 - https:\/\/yoast.com\/wordpress\/plugins\/seo\/ -->\n<title>Melhores Trabalhos - 13\u00ba Ecoinovar<\/title>\n<meta name=\"robots\" content=\"index, follow, max-snippet:-1, max-image-preview:large, max-video-preview:-1\" \/>\n<link rel=\"canonical\" href=\"https:\/\/ecoinovar.com\/13\/melhores-trabalhos\/\" \/>\n<meta property=\"og:locale\" content=\"pt_BR\" \/>\n<meta property=\"og:type\" content=\"article\" \/>\n<meta property=\"og:title\" content=\"Melhores Trabalhos - 13\u00ba Ecoinovar\" \/>\n<meta property=\"og:description\" content=\"1\u00ba lugar Resili\u00eancia Financeira e o papel da Governan\u00e7a Corporativa.Aliki Karagrigoriou GalanosVanessa Rabelo Dutra 2\u00ba lugar CRIAN\u00c7A, CONSUMO E SUSTENTABILIDADE: Um Estudo sobre a Percep\u00e7\u00e3o dos Pais em Rela\u00e7\u00e3o aos Impactos Econ\u00f4micos, Sociais e Ambientais do Consumo de Brinquedos dos filhosBruna Antonia Brites CamargoAndressa Hennig Silva 3\u00ba lugar RELA\u00c7\u00c3O ENTRE INTELIG\u00caNCIA ARTIFICIAL E PERFORMANCE EMPRESARIAL:&hellip;\" \/>\n<meta property=\"og:url\" content=\"https:\/\/ecoinovar.com\/13\/melhores-trabalhos\/\" \/>\n<meta property=\"og:site_name\" content=\"13\u00ba Ecoinovar\" \/>\n<meta property=\"article:publisher\" content=\"https:\/\/www.facebook.com\/ecoinovar\/\" \/>\n<meta property=\"article:modified_time\" content=\"2024-12-09T15:58:32+00:00\" \/>\n<meta name=\"twitter:card\" content=\"summary_large_image\" \/>\n<meta name=\"twitter:site\" content=\"@forumecoinovar\" \/>\n<meta name=\"twitter:label1\" content=\"Est. tempo de leitura\" \/>\n\t<meta name=\"twitter:data1\" content=\"1 minuto\" \/>\n<script type=\"application\/ld+json\" class=\"yoast-schema-graph\">{\"@context\":\"https:\/\/schema.org\",\"@graph\":[{\"@type\":\"WebPage\",\"@id\":\"https:\/\/ecoinovar.com\/13\/melhores-trabalhos\/\",\"url\":\"https:\/\/ecoinovar.com\/13\/melhores-trabalhos\/\",\"name\":\"Melhores Trabalhos - 13\u00ba Ecoinovar\",\"isPartOf\":{\"@id\":\"https:\/\/ecoinovar.com\/13\/#website\"},\"datePublished\":\"2024-12-09T15:34:08+00:00\",\"dateModified\":\"2024-12-09T15:58:32+00:00\",\"breadcrumb\":{\"@id\":\"https:\/\/ecoinovar.com\/13\/melhores-trabalhos\/#breadcrumb\"},\"inLanguage\":\"pt-BR\",\"potentialAction\":[{\"@type\":\"ReadAction\",\"target\":[\"https:\/\/ecoinovar.com\/13\/melhores-trabalhos\/\"]}]},{\"@type\":\"BreadcrumbList\",\"@id\":\"https:\/\/ecoinovar.com\/13\/melhores-trabalhos\/#breadcrumb\",\"itemListElement\":[{\"@type\":\"ListItem\",\"position\":1,\"name\":\"Home\",\"item\":\"https:\/\/ecoinovar.com\/13\/\"},{\"@type\":\"ListItem\",\"position\":2,\"name\":\"Melhores Trabalhos\"}]},{\"@type\":\"WebSite\",\"@id\":\"https:\/\/ecoinovar.com\/13\/#website\",\"url\":\"https:\/\/ecoinovar.com\/13\/\",\"name\":\"13\u00ba Ecoinovar\",\"description\":\"F\u00f3rum Internacional\",\"publisher\":{\"@id\":\"https:\/\/ecoinovar.com\/13\/#organization\"},\"potentialAction\":[{\"@type\":\"SearchAction\",\"target\":{\"@type\":\"EntryPoint\",\"urlTemplate\":\"https:\/\/ecoinovar.com\/13\/?s={search_term_string}\"},\"query-input\":{\"@type\":\"PropertyValueSpecification\",\"valueRequired\":true,\"valueName\":\"search_term_string\"}}],\"inLanguage\":\"pt-BR\"},{\"@type\":\"Organization\",\"@id\":\"https:\/\/ecoinovar.com\/13\/#organization\",\"name\":\"13\u00ba Ecoinovar\",\"url\":\"https:\/\/ecoinovar.com\/13\/\",\"logo\":{\"@type\":\"ImageObject\",\"inLanguage\":\"pt-BR\",\"@id\":\"https:\/\/ecoinovar.com\/13\/#\/schema\/logo\/image\/\",\"url\":\"https:\/\/ecoinovar.com\/13\/wp-content\/uploads\/sites\/18\/2023\/07\/ecoinovar.png\",\"contentUrl\":\"https:\/\/ecoinovar.com\/13\/wp-content\/uploads\/sites\/18\/2023\/07\/ecoinovar.png\",\"width\":162,\"height\":110,\"caption\":\"13\u00ba Ecoinovar\"},\"image\":{\"@id\":\"https:\/\/ecoinovar.com\/13\/#\/schema\/logo\/image\/\"},\"sameAs\":[\"https:\/\/www.facebook.com\/ecoinovar\/\",\"https:\/\/x.com\/forumecoinovar\",\"https:\/\/www.instagram.com\/ecoinovar\/\",\"https:\/\/www.youtube.com\/channel\/UC0HBZQUZoIWqVnqECbEf7Sw\"]}]}<\/script>\n<!-- \/ Yoast SEO plugin. -->","yoast_head_json":{"title":"Melhores Trabalhos - 13\u00ba Ecoinovar","robots":{"index":"index","follow":"follow","max-snippet":"max-snippet:-1","max-image-preview":"max-image-preview:large","max-video-preview":"max-video-preview:-1"},"canonical":"https:\/\/ecoinovar.com\/13\/melhores-trabalhos\/","og_locale":"pt_BR","og_type":"article","og_title":"Melhores Trabalhos - 13\u00ba Ecoinovar","og_description":"1\u00ba lugar Resili\u00eancia Financeira e o papel da Governan\u00e7a Corporativa.Aliki Karagrigoriou GalanosVanessa Rabelo Dutra 2\u00ba lugar CRIAN\u00c7A, CONSUMO E SUSTENTABILIDADE: Um Estudo sobre a Percep\u00e7\u00e3o dos Pais em Rela\u00e7\u00e3o aos Impactos Econ\u00f4micos, Sociais e Ambientais do Consumo de Brinquedos dos filhosBruna Antonia Brites CamargoAndressa Hennig Silva 3\u00ba lugar RELA\u00c7\u00c3O ENTRE INTELIG\u00caNCIA ARTIFICIAL E PERFORMANCE EMPRESARIAL:&hellip;","og_url":"https:\/\/ecoinovar.com\/13\/melhores-trabalhos\/","og_site_name":"13\u00ba Ecoinovar","article_publisher":"https:\/\/www.facebook.com\/ecoinovar\/","article_modified_time":"2024-12-09T15:58:32+00:00","twitter_card":"summary_large_image","twitter_site":"@forumecoinovar","twitter_misc":{"Est. tempo de leitura":"1 minuto"},"schema":{"@context":"https:\/\/schema.org","@graph":[{"@type":"WebPage","@id":"https:\/\/ecoinovar.com\/13\/melhores-trabalhos\/","url":"https:\/\/ecoinovar.com\/13\/melhores-trabalhos\/","name":"Melhores Trabalhos - 13\u00ba Ecoinovar","isPartOf":{"@id":"https:\/\/ecoinovar.com\/13\/#website"},"datePublished":"2024-12-09T15:34:08+00:00","dateModified":"2024-12-09T15:58:32+00:00","breadcrumb":{"@id":"https:\/\/ecoinovar.com\/13\/melhores-trabalhos\/#breadcrumb"},"inLanguage":"pt-BR","potentialAction":[{"@type":"ReadAction","target":["https:\/\/ecoinovar.com\/13\/melhores-trabalhos\/"]}]},{"@type":"BreadcrumbList","@id":"https:\/\/ecoinovar.com\/13\/melhores-trabalhos\/#breadcrumb","itemListElement":[{"@type":"ListItem","position":1,"name":"Home","item":"https:\/\/ecoinovar.com\/13\/"},{"@type":"ListItem","position":2,"name":"Melhores Trabalhos"}]},{"@type":"WebSite","@id":"https:\/\/ecoinovar.com\/13\/#website","url":"https:\/\/ecoinovar.com\/13\/","name":"13\u00ba Ecoinovar","description":"F\u00f3rum Internacional","publisher":{"@id":"https:\/\/ecoinovar.com\/13\/#organization"},"potentialAction":[{"@type":"SearchAction","target":{"@type":"EntryPoint","urlTemplate":"https:\/\/ecoinovar.com\/13\/?s={search_term_string}"},"query-input":{"@type":"PropertyValueSpecification","valueRequired":true,"valueName":"search_term_string"}}],"inLanguage":"pt-BR"},{"@type":"Organization","@id":"https:\/\/ecoinovar.com\/13\/#organization","name":"13\u00ba Ecoinovar","url":"https:\/\/ecoinovar.com\/13\/","logo":{"@type":"ImageObject","inLanguage":"pt-BR","@id":"https:\/\/ecoinovar.com\/13\/#\/schema\/logo\/image\/","url":"https:\/\/ecoinovar.com\/13\/wp-content\/uploads\/sites\/18\/2023\/07\/ecoinovar.png","contentUrl":"https:\/\/ecoinovar.com\/13\/wp-content\/uploads\/sites\/18\/2023\/07\/ecoinovar.png","width":162,"height":110,"caption":"13\u00ba Ecoinovar"},"image":{"@id":"https:\/\/ecoinovar.com\/13\/#\/schema\/logo\/image\/"},"sameAs":["https:\/\/www.facebook.com\/ecoinovar\/","https:\/\/x.com\/forumecoinovar","https:\/\/www.instagram.com\/ecoinovar\/","https:\/\/www.youtube.com\/channel\/UC0HBZQUZoIWqVnqECbEf7Sw"]}]}},"_links":{"self":[{"href":"https:\/\/ecoinovar.com\/13\/wp-json\/wp\/v2\/pages\/1389","targetHints":{"allow":["GET"]}}],"collection":[{"href":"https:\/\/ecoinovar.com\/13\/wp-json\/wp\/v2\/pages"}],"about":[{"href":"https:\/\/ecoinovar.com\/13\/wp-json\/wp\/v2\/types\/page"}],"author":[{"embeddable":true,"href":"https:\/\/ecoinovar.com\/13\/wp-json\/wp\/v2\/users\/1"}],"replies":[{"embeddable":true,"href":"https:\/\/ecoinovar.com\/13\/wp-json\/wp\/v2\/comments?post=1389"}],"version-history":[{"count":3,"href":"https:\/\/ecoinovar.com\/13\/wp-json\/wp\/v2\/pages\/1389\/revisions"}],"predecessor-version":[{"id":1395,"href":"https:\/\/ecoinovar.com\/13\/wp-json\/wp\/v2\/pages\/1389\/revisions\/1395"}],"wp:attachment":[{"href":"https:\/\/ecoinovar.com\/13\/wp-json\/wp\/v2\/media?parent=1389"}],"curies":[{"name":"wp","href":"https:\/\/api.w.org\/{rel}","templated":true}]}}