{"id":4165,"date":"2021-10-23T15:13:42","date_gmt":"2021-10-23T18:13:42","guid":{"rendered":"https:\/\/ecoinovar.com\/10\/?page_id=4165"},"modified":"2021-10-23T15:26:09","modified_gmt":"2021-10-23T18:26:09","slug":"trabalhos-aprovados","status":"publish","type":"page","link":"https:\/\/ecoinovar.com\/10\/expo\/trabalhos-aprovados\/","title":{"rendered":"Trabalhos Aprovados"},"content":{"rendered":"\t\t<div data-elementor-type=\"wp-page\" data-elementor-id=\"4165\" class=\"elementor elementor-4165\" data-elementor-post-type=\"page\">\n\t\t\t\t\t\t<section class=\"elementor-section elementor-top-section elementor-element elementor-element-10b249d elementor-section-boxed elementor-section-height-default elementor-section-height-default\" data-id=\"10b249d\" data-element_type=\"section\">\n\t\t\t\t\t\t<div class=\"elementor-container elementor-column-gap-default\">\n\t\t\t\t\t<div class=\"elementor-column elementor-col-100 elementor-top-column elementor-element elementor-element-68cc50e\" data-id=\"68cc50e\" data-element_type=\"column\">\n\t\t\t<div class=\"elementor-widget-wrap elementor-element-populated\">\n\t\t\t\t\t\t<div class=\"elementor-element elementor-element-c8e42ba elementor-widget elementor-widget-text-editor\" data-id=\"c8e42ba\" data-element_type=\"widget\" data-widget_type=\"text-editor.default\">\n\t\t\t\t<div class=\"elementor-widget-container\">\n\t\t\t\t\t\t\t\t\t<h3>Trabalhos Aprovados da IV Expo Ecoinovar<\/h3>\nIMPORTANTE:\u00a0Todos os participantes das equipes com projetos aprovados informados no momento da submiss\u00e3o est\u00e3o automaticamente inscritos\u00a0na Expo Ecoinovar.\n\nRessalta-se ainda, que os participantes da Expo Ecoinovar n\u00e3o receber\u00e3o\u00a0certificado do F\u00f3rum Internacional Ecoinovar, j\u00e1 que as atividades s\u00e3o distintas.\t\t\t\t\t\t\t\t<\/div>\n\t\t\t\t<\/div>\n\t\t\t\t<div class=\"elementor-element elementor-element-d828654 elementor-widget elementor-widget-text-editor\" data-id=\"d828654\" data-element_type=\"widget\" data-widget_type=\"text-editor.default\">\n\t\t\t\t<div class=\"elementor-widget-container\">\n\t\t\t\t\t\t\t\t\t<table class=\"table table-striped\">\n<tbody>\n<tr>\n<td>1<\/td>\n<td><a href=\"http:\/\/ecoinovar.submissao.com.br\/4expoecoinovar\/arquivos\/1.pdf\" target=\"blank\">ELABORA\u00c7\u00c3O DE PLANILHAS COMO FERRAMENTA PARA GERENCIAMENTO DA PRODU\u00c7\u00c3O E COMERCIALIZA\u00c7\u00c3O DA TIL\u00c1PIA<\/a>\n\n<div>Marco Aur\u00e9lio Alves De Souza &#8211;\u00a0<em>Universidade Federal do Pampa &#8211; UNIPAMPA<\/em><\/div>\n<\/td>\n<\/tr>\n<tr>\n<td>2<\/td>\n<td><a href=\"http:\/\/ecoinovar.submissao.com.br\/4expoecoinovar\/arquivos\/2.pdf\" target=\"blank\">A APLICA\u00c7\u00c3O DE TERMOS DE INTEN\u00c7\u00c3O DE PROJETOS AOS 17 OBJETIVOS DO DESENVOLVIMENTO SUSTENT\u00c1VEL (ODS)<\/a>\n\n<div>Luciana Aparecida Barbieri Da Rosa &#8211;\u00a0<em>Instituto Federal de Educa\u00e7\u00e3o, Ci\u00eancia e Tecnologia de Rond\u00f4nia IFRO<\/em><\/div>\n<\/td>\n<\/tr>\n<tr>\n<td>3<\/td>\n<td><a href=\"http:\/\/ecoinovar.submissao.com.br\/4expoecoinovar\/arquivos\/3.pdf\" target=\"blank\">Aissa Sustent\u00e1vel: O Seu Marketplace Verde<\/a>\n\n<div>Larissa Flores Nunes &#8211;\u00a0<em>Universidade Federal de Santa Maria &#8211; UFSM<\/em><\/div>\n<\/td>\n<\/tr>\n<tr>\n<td>4<\/td>\n<td><a href=\"http:\/\/ecoinovar.submissao.com.br\/4expoecoinovar\/arquivos\/4.pdf\" target=\"blank\">Desenvolvimento de hamb\u00farguer vegano de batata-doce com ervilha.<\/a>\n\n<div>Thainara Fagundes &#8211;\u00a0<em>Universidade Federal de Santa Maria &#8211; UFSM<\/em><\/div>\n<\/td>\n<\/tr>\n<tr>\n<td>5<\/td>\n<td><a href=\"http:\/\/ecoinovar.submissao.com.br\/4expoecoinovar\/arquivos\/5.pdf\" target=\"blank\">PRODU\u00c7\u00c3O E CARACTERIZA\u00c7\u00c3O DE BLOCOS CER\u00c2MICOS A PARTIR DA VALORIZA\u00c7\u00c3O DE LODO DE ESTA\u00c7\u00c3O DE TRATAMENTO DE ESGOTO(LETE)<\/a>\n\n<div>Jaqueline Becker Da Silva &#8211;\u00a0<em>Universidade Federal de Santa Maria &#8211; UFSM<\/em><\/div>\n<\/td>\n<\/tr>\n<tr>\n<td>6<\/td>\n<td><a href=\"http:\/\/ecoinovar.submissao.com.br\/4expoecoinovar\/arquivos\/6.pdf\" target=\"blank\">Integra\u00e7\u00e3o de Munic\u00edpios para o Desenvolvimento Microrregional: Uma an\u00e1lise a partir de Jos\u00e9 Eli da Veiga<\/a>\n\n<div>Thiago Santos Da Silva &#8211;\u00a0<em>Universidade Federal de Santa Maria &#8211; UFSM<\/em><\/div>\n<\/td>\n<\/tr>\n<tr>\n<td>7<\/td>\n<td><a href=\"http:\/\/ecoinovar.submissao.com.br\/4expoecoinovar\/arquivos\/7.pdf\" target=\"blank\">MARKETING SOCIAL E CAUSAS SOCIAIS: NOVOS CAMINHOS<\/a>\n\n<div>Juliana Silva Costa &#8211;\u00a0<em>Universidade Federal de Santa Maria &#8211; UFSM<\/em><\/div>\n<\/td>\n<\/tr>\n<tr>\n<td>8<\/td>\n<td><a href=\"http:\/\/ecoinovar.submissao.com.br\/4expoecoinovar\/arquivos\/8.pdf\" target=\"blank\">TECNOLOGIA DE AUTOMA\u00c7\u00c3O PARA O PRODUTO FLORESTAL N\u00c3O MADEIR\u00c1VEL (PFNM) PINH\u00c3O: O CASO DO PROT\u00d3TIPO UPINION<\/a>\n\n<div>Djenifer Priscila Bohn &#8211;\u00a0<em>Centro Universit\u00e1rio Internacional Uninter<\/em><\/div>\n<\/td>\n<\/tr>\n<tr>\n<td>9<\/td>\n<td><a href=\"http:\/\/ecoinovar.submissao.com.br\/4expoecoinovar\/arquivos\/9.pdf\" target=\"blank\">GOVERNAN\u00c7A NO CLUSTER DO MEL EM SANTANA DO LIVRAMENTO (RS)<\/a>\n\n<div>Ricardo Santos Fenner &#8211;\u00a0<em>Universidade Federal do Pampa &#8211; UNIPAMPA<\/em><\/div>\n<\/td>\n<\/tr>\n<tr>\n<td>10<\/td>\n<td><a href=\"http:\/\/ecoinovar.submissao.com.br\/4expoecoinovar\/arquivos\/10.pdf\" target=\"blank\">O USO DE M\u00c1SCARA TNT DESCART\u00c1VEL NA PRODU\u00c7\u00c3O DE TIJOLO CER\u00c2MICO<\/a>\n\n<div>Tanane Fernandes De Castro &#8211;\u00a0<em>Universidade Federal de Santa Maria &#8211; UFSM<\/em><\/div>\n<\/td>\n<\/tr>\n<tr>\n<td>11<\/td>\n<td><a href=\"http:\/\/ecoinovar.submissao.com.br\/4expoecoinovar\/arquivos\/11.pdf\" target=\"blank\">SISTEMA DE MONITORAMENTO DE MEDIDORES DE ENERGIA COM GATEWAY E BANCO DE DADOS DE S\u00c9RIES TEMPORAIS<\/a>\n\n<div>Bruno Eduardo Souza Rodrigues<\/div>\n<\/td>\n<\/tr>\n<tr>\n<td>12<\/td>\n<td><a href=\"http:\/\/ecoinovar.submissao.com.br\/4expoecoinovar\/arquivos\/12.pdf\" target=\"blank\">HEALTH CARD &#8211; SOLU\u00c7\u00d5ES EM SA\u00daDE<\/a>\n\n<div>Dienifer Pauleski Della Justina &#8211;\u00a0<em>Universidade Federal de Santa Maria &#8211; UFSM<\/em><\/div>\n<\/td>\n<\/tr>\n<tr>\n<td>13<\/td>\n<td><a href=\"http:\/\/ecoinovar.submissao.com.br\/4expoecoinovar\/arquivos\/13.pdf\" target=\"blank\">REUSE: A SUSTENTABILIDADE NAS REDES E O DESENVOLVIMENTO DE UM BRECH\u00d3 DIGITAL<\/a>\n\n<div>Marcus Frantz Alberto &#8211;\u00a0<em>Universidade Federal de Santa Maria &#8211; UFSM<\/em><\/div>\n<\/td>\n<\/tr>\n<tr>\n<td>14<\/td>\n<td><a href=\"http:\/\/ecoinovar.submissao.com.br\/4expoecoinovar\/arquivos\/14.pdf\" target=\"blank\">Horta comunit\u00e1ria: acolhimento e integra\u00e7\u00e3o com imigrantes haitianos, seguran\u00e7a alimentar e nutricional<\/a>\n\n<div>Maria Aparecida Lucca Paranhos<\/div>\n<\/td>\n<\/tr>\n<tr>\n<td>15<\/td>\n<td><a href=\"http:\/\/ecoinovar.submissao.com.br\/4expoecoinovar\/arquivos\/15.pdf\" target=\"blank\">Energias Renov\u00e1veis e Efici\u00eancia Energ\u00e9tica: inova\u00e7\u00f5es no Instituto Federal Farroupilha para o desenvolvimento sustent\u00e1vel<\/a>\n\n<div>Adriano Marchesan<\/div>\n<\/td>\n<\/tr>\n<\/tbody>\n<\/table>\t\t\t\t\t\t\t\t<\/div>\n\t\t\t\t<\/div>\n\t\t\t\t\t<\/div>\n\t\t<\/div>\n\t\t\t\t\t<\/div>\n\t\t<\/section>\n\t\t\t\t<\/div>\n\t\t","protected":false},"excerpt":{"rendered":"<p>Trabalhos Aprovados da IV Expo Ecoinovar IMPORTANTE:\u00a0Todos os participantes das equipes com projetos aprovados informados no momento da submiss\u00e3o est\u00e3o automaticamente inscritos\u00a0na Expo Ecoinovar. Ressalta-se ainda, que os participantes da Expo Ecoinovar n\u00e3o receber\u00e3o\u00a0certificado do F\u00f3rum Internacional Ecoinovar, j\u00e1 que as atividades s\u00e3o distintas. 1 ELABORA\u00c7\u00c3O DE PLANILHAS COMO FERRAMENTA PARA GERENCIAMENTO DA PRODU\u00c7\u00c3O E&hellip;<\/p>\n","protected":false},"author":2,"featured_media":0,"parent":944,"menu_order":0,"comment_status":"closed","ping_status":"closed","template":"","meta":{"footnotes":"","_links_to":"","_links_to_target":""},"class_list":["post-4165","page","type-page","status-publish","hentry"],"_links":{"self":[{"href":"https:\/\/ecoinovar.com\/10\/wp-json\/wp\/v2\/pages\/4165","targetHints":{"allow":["GET"]}}],"collection":[{"href":"https:\/\/ecoinovar.com\/10\/wp-json\/wp\/v2\/pages"}],"about":[{"href":"https:\/\/ecoinovar.com\/10\/wp-json\/wp\/v2\/types\/page"}],"author":[{"embeddable":true,"href":"https:\/\/ecoinovar.com\/10\/wp-json\/wp\/v2\/users\/2"}],"replies":[{"embeddable":true,"href":"https:\/\/ecoinovar.com\/10\/wp-json\/wp\/v2\/comments?post=4165"}],"version-history":[{"count":10,"href":"https:\/\/ecoinovar.com\/10\/wp-json\/wp\/v2\/pages\/4165\/revisions"}],"predecessor-version":[{"id":4186,"href":"https:\/\/ecoinovar.com\/10\/wp-json\/wp\/v2\/pages\/4165\/revisions\/4186"}],"up":[{"embeddable":true,"href":"https:\/\/ecoinovar.com\/10\/wp-json\/wp\/v2\/pages\/944"}],"wp:attachment":[{"href":"https:\/\/ecoinovar.com\/10\/wp-json\/wp\/v2\/media?parent=4165"}],"curies":[{"name":"wp","href":"https:\/\/api.w.org\/{rel}","templated":true}]}}