{"id":398,"date":"2017-05-04T09:51:53","date_gmt":"2017-05-04T12:51:53","guid":{"rendered":"http:\/\/ecoinovar.institucional.ws\/?page_id=398"},"modified":"2022-02-17T13:06:37","modified_gmt":"2022-02-17T16:06:37","slug":"apresentacao","status":"publish","type":"page","link":"https:\/\/ecoinovar.com\/10\/apresentacao\/","title":{"rendered":"Apresenta\u00e7\u00e3o"},"content":{"rendered":"<p style=\"text-align: justify;\">O F\u00f3rum Internacional Ecoinovar \u00e9 uma realiza\u00e7\u00e3o do Departamento de Ci\u00eancias Administrativas do Centro de Ci\u00eancias Sociais e Humanas &#8211; CCSH da Universidade Federal de Santa Maria \u2013 UFSM, por meio do Grupo de Pesquisa Ecoinovar, Programa de P\u00f3s Gradua\u00e7\u00e3o em Administra\u00e7\u00e3o \u2013 PPGA e Curso de Administra\u00e7\u00e3o. Em 2021, paralelamente ao F\u00f3rum, ocorrer\u00e3o a V Mostra Cient\u00edfica Ecoinovar que reunir\u00e1 estudantes do ensino fundamental, ensino m\u00e9dio e t\u00e9cnico, de escolas p\u00fablicas e privadas da cidade de Santa Maria-RS e a IV Expo Ecoinovar.<\/p>\n<p style=\"text-align: justify;\">O objetivo do Ecoinovar consiste em promover o interc\u00e2mbio, a divulga\u00e7\u00e3o e o est\u00edmulo \u00e0 produ\u00e7\u00e3o de conhecimento, propostas e solu\u00e7\u00f5es que contribuam para o desenvolvimento de novas ideias, iniciativas e a constru\u00e7\u00e3o de alian\u00e7as para a inova\u00e7\u00e3o e a sustentabilidade. Neste ano, o evento ocorre em sua d\u00e9cima edi\u00e7\u00e3o e ser\u00e1 realizado em outubro de 2021, em formato on-line.<\/p>\n<p style=\"text-align: justify;\">O evento acad\u00eamico e empresarial re\u00fane, anualmente, estudantes de gradua\u00e7\u00e3o e p\u00f3s-gradua\u00e7\u00e3o,\u00a0empres\u00e1rios, pesquisadores, administradores, ONGs ambientalistas e profissionais de diferentes \u00e1reas. Nos\u00a0\u00faltimos sete anos, o F\u00f3rum Internacional Ecoinovar contou com uma m\u00e9dia de p\u00fablico de aproximadamente 400 pessoas. Em\u00a0sua programa\u00e7\u00e3o, s\u00e3o apresentados trabalhos acad\u00eamicos advindos de institui\u00e7\u00f5es de ensino superior de diversos\u00a0estados brasileiros e universidades estrangeiras. O evento conta, ainda, com a participa\u00e7\u00e3o de renomados\u00a0professores e palestrantes das mais conceituadas universidades do pa\u00eds e do exterior.<\/p>\n<p style=\"text-align: justify;\">Em sua programa\u00e7\u00e3o, est\u00e3o previstas palestras, apresenta\u00e7\u00f5es de trabalhos, nas modalidades oral e p\u00f4ster, exposi\u00e7\u00e3o de cases empresariais, minicursos e a realiza\u00e7\u00e3o do tradicional Painel Internacional, que contar\u00e1 com a presen\u00e7a de professores estrangeiros. O 10\u00ba F\u00f3rum Internacional Ecoinovar, a V Mostra Cient\u00edfica Ecoinovar e a IV Expo Ecoinovar acontecer\u00e3o nos dias 26, 27 e 28 de outubro de 2021, em formato on-line.<\/p>\n","protected":false},"excerpt":{"rendered":"<p>O F\u00f3rum Internacional Ecoinovar \u00e9 uma realiza\u00e7\u00e3o do Departamento de Ci\u00eancias Administrativas do Centro de Ci\u00eancias Sociais e Humanas &#8211; CCSH da Universidade Federal de Santa Maria \u2013 UFSM, por meio do Grupo de Pesquisa Ecoinovar, Programa de P\u00f3s Gradua\u00e7\u00e3o em Administra\u00e7\u00e3o \u2013 PPGA e Curso de Administra\u00e7\u00e3o. Em 2021, paralelamente ao F\u00f3rum, ocorrer\u00e3o a&hellip;<\/p>\n","protected":false},"author":1,"featured_media":0,"parent":0,"menu_order":0,"comment_status":"closed","ping_status":"closed","template":"","meta":{"footnotes":"","_links_to":"","_links_to_target":""},"class_list":["post-398","page","type-page","status-publish","hentry","description-off"],"_links":{"self":[{"href":"https:\/\/ecoinovar.com\/10\/wp-json\/wp\/v2\/pages\/398","targetHints":{"allow":["GET"]}}],"collection":[{"href":"https:\/\/ecoinovar.com\/10\/wp-json\/wp\/v2\/pages"}],"about":[{"href":"https:\/\/ecoinovar.com\/10\/wp-json\/wp\/v2\/types\/page"}],"author":[{"embeddable":true,"href":"https:\/\/ecoinovar.com\/10\/wp-json\/wp\/v2\/users\/1"}],"replies":[{"embeddable":true,"href":"https:\/\/ecoinovar.com\/10\/wp-json\/wp\/v2\/comments?post=398"}],"version-history":[{"count":9,"href":"https:\/\/ecoinovar.com\/10\/wp-json\/wp\/v2\/pages\/398\/revisions"}],"predecessor-version":[{"id":4337,"href":"https:\/\/ecoinovar.com\/10\/wp-json\/wp\/v2\/pages\/398\/revisions\/4337"}],"wp:attachment":[{"href":"https:\/\/ecoinovar.com\/10\/wp-json\/wp\/v2\/media?parent=398"}],"curies":[{"name":"wp","href":"https:\/\/api.w.org\/{rel}","templated":true}]}}