{"id":2964,"date":"2020-07-12T22:11:39","date_gmt":"2020-07-13T01:11:39","guid":{"rendered":"http:\/\/ecoinovar.com\/10\/?page_id=2964"},"modified":"2022-02-17T13:10:10","modified_gmt":"2022-02-17T16:10:10","slug":"areas-tematicas","status":"publish","type":"page","link":"https:\/\/ecoinovar.com\/10\/areas-tematicas\/","title":{"rendered":"\u00c1reas Tem\u00e1ticas"},"content":{"rendered":"\t\t<div data-elementor-type=\"wp-page\" data-elementor-id=\"2964\" class=\"elementor elementor-2964\" data-elementor-post-type=\"page\">\n\t\t\t\t\t\t<section class=\"elementor-section elementor-top-section elementor-element elementor-element-32b80958 elementor-section-boxed elementor-section-height-default elementor-section-height-default\" data-id=\"32b80958\" data-element_type=\"section\">\n\t\t\t\t\t\t<div class=\"elementor-container elementor-column-gap-default\">\n\t\t\t\t\t<div class=\"elementor-column elementor-col-100 elementor-top-column elementor-element elementor-element-1bd9b3b0\" data-id=\"1bd9b3b0\" data-element_type=\"column\">\n\t\t\t<div class=\"elementor-widget-wrap elementor-element-populated\">\n\t\t\t\t\t\t<div class=\"elementor-element elementor-element-3db935a3 elementor-widget elementor-widget-text-editor\" data-id=\"3db935a3\" data-element_type=\"widget\" data-widget_type=\"text-editor.default\">\n\t\t\t\t<div class=\"elementor-widget-container\">\n\t\t\t\t\t\t\t\t\t<p>Neste ano, frente aos desafios e \u00e0s oportunidades atreladas a pandemia da Covid-19, \u00e0 import\u00e2ncia da internacionaliza\u00e7\u00e3o de empresas no atual contexto global e ao relevante papel desempenhado pelo agroneg\u00f3cio na economia, na sociedade e no meio ambiente, foram incorporados tr\u00eas novos eixos aos temas do evento: Internacionaliza\u00e7\u00e3o, Agroneg\u00f3cio e Estudos Interdisciplinares sobre a Covid-19.<\/p><p><span style=\"word-spacing: normal;\">Os eixos tem\u00e1ticos do F\u00f3rum Internacional Ecoinovar, bem como os <i>tracks <\/i>que os comp\u00f5em e seus respectivos l\u00edderes, s\u00e3o apresentados a seguir.<\/span><\/p><p><span style=\"word-spacing: normal;\">\u00a0<\/span><\/p>\t\t\t\t\t\t\t\t<\/div>\n\t\t\t\t<\/div>\n\t\t\t\t\t<\/div>\n\t\t<\/div>\n\t\t\t\t\t<\/div>\n\t\t<\/section>\n\t\t\t\t<section class=\"elementor-section elementor-top-section elementor-element elementor-element-45933a9 elementor-section-boxed elementor-section-height-default elementor-section-height-default\" data-id=\"45933a9\" data-element_type=\"section\">\n\t\t\t\t\t\t<div class=\"elementor-container elementor-column-gap-default\">\n\t\t\t\t\t<div class=\"elementor-column elementor-col-100 elementor-top-column elementor-element elementor-element-5aaa7c0\" data-id=\"5aaa7c0\" data-element_type=\"column\">\n\t\t\t<div class=\"elementor-widget-wrap elementor-element-populated\">\n\t\t\t\t\t\t<div class=\"elementor-element elementor-element-8884332 elementor-widget elementor-widget-html\" data-id=\"8884332\" data-element_type=\"widget\" data-widget_type=\"html.default\">\n\t\t\t\t<div class=\"elementor-widget-container\">\n\t\t\t\t\t<h4><center>EIXOS TEM\u00c1TICOS E TRACKS DO F\u00d3RUM INTERNACIONAL ECOINOVAR<\/center><\/h4> \r\n<br \/><h5>Sustentabilidade<\/h5>\r\n<p>Prof. Dr. Roberto Schoproni Bichueti \u2013 PPGA\/UFSM\r\n<br \/>Prof. Dr. Lucas Veiga \u00c1vila - UFSM<\/p>\r\n<h6>Tracks<\/h6>\r\n<table><tbody>\r\n<tr>\r\n<td width=\"50%\">Opera\u00e7\u00f5es, Cadeia de Suprimento e Log\u00edstica Sustent\u00e1veis<\/td>\r\n<td width=\"50%\">Prof. Dr. Breno Nunes - Aston University\/UK<\/td>\r\n<\/tr>\r\n<tr>\r\n<td>Responsabilidade Social Corporativa<\/td>\r\n<td>Prof. Dr. Cl\u00e1udio Senna Venzke - UDESC<\/td>\r\n<\/tr>\r\n<tr>\r\n<td>Educa\u00e7\u00e3o e Sustentabilidade<\/td>\r\n<td>Prof. Dr. Luis Felipe Nascimento - UFRGS<\/td>\r\n<\/tr>\r\n<tr >\r\n<td>Cidades Sustent\u00e1veis e Inteligentes<\/td>\r\n<td>Profa. Dr\u00aa. Cl\u00e1udia Terezinha Kniess - USJT e UNIFESP<\/td>\r\n<\/tr>\r\n<tr>\r\n<td width=\"320\">Temas Emergentes em Sustentabilidade<\/td>\r\n<td>Profa. Dr\u00aa. L\u00edlian Caporl\u00edngua Giesta Cabral - UFERSA<\/td>\r\n<\/tr>\r\n<\/tbody>\r\n<\/table>\r\n<br \/><h5>Inova\u00e7\u00e3o<\/h5>\r\n<p>Prof\u00aa. Dr\u00aa. Jordana Marques Kneipp - PPGA\/UFSM<br>\r\n  Prof\u00aa Dr\u00aa. Let\u00edcia Lengler \/UFSM \r\n\r\n<\/p>\r\n<h6>Tracks<\/h6><table> \r\n<tbody>\r\n<tr>\r\n<td width=\"50%\">Inova\u00e7\u00e3o em Finan\u00e7as<\/td>\r\n<td width=\"50%\">Prof. Dr. Amir Rezaee - ISG International Business School<\/td>\r\n<\/tr>\r\n<tr>\r\n<td>Empreendedorismo Inovador<\/td>\r\n<td >Prof. Dr. \u00cdtalo Fernando Minello - PPGA\/UFSM\r\n<br \/>Prof. Dr. Alisson Eduardo Maehler - PPGDTSA\/UFPel<\/td>\r\n<\/tr>\r\n<tr>\r\n<td>Gest\u00e3o da Inova\u00e7\u00e3o, da Tecnologia e da Propriedade Intelectual<\/td>\r\n<td>Prof. Dr. Julio Siluk - PPGEP\/UFSM<\/td>\r\n<\/tr>\r\n<tr>\r\n<td>Modelos de Neg\u00f3cios Inovadores<\/td>\r\n<td >Prof\u00aa. Dr\u00aa. Luisa Cagica Carvalho - Instituto Polit\u00e9cnico de Set\u00fabal<\/td>\r\n<\/tr>\r\n<tr>\r\n<td>Temas Emergentes em Inova\u00e7\u00e3o<\/td>\r\n<td >Prof\u00aa. Dr\u00aa. Maria Isabel Sanchez Hernandez - Universidade de Extremadura<\/td>\r\n<\/tr>\r\n<\/tbody>\r\n<\/table>\r\n<br \/><h5>Estrat\u00e9gia<\/h5>\r\n<p>Prof\u00aa. Dr\u00aa. L\u00facia Madruga\r\n<br \/>Prof. Dr. Thiago Ant\u00f4nio Beuron - PPGA\/UNIPAMPA<\/p>\r\n<h6>Tracks<\/h6\r\n><table > \r\n<tbody>\r\n<tr>\r\n<td width=\"50%\" >Gest\u00e3o Estrat\u00e9gica de Pessoas<\/td>\r\n<td width=\"50%\"> Prof\u00aa. Dr\u00aa. Andressa Schaurich dos Santos - FISMA\r\n<br \/>Ma. Marcia Helena do Nascimento Lorentz - PROGEP\/UFSM<\/td>\r\n<\/tr>\r\n<tr>\r\n<td>Gest\u00e3o Estrat\u00e9gica de Marketing<\/td>\r\n<td>Prof. Dr. Ricardo Ribeiro Alves \u2013 PPGA\/UNIPAMPA\r\n<br \/>Prof\u00aa. Dr\u00aa. Andressa Hennig Silva \u2013 PPGA\/UNIPAMPA\r\n<br \/>Prof\u00ba. Dr. Gustavo da Rosa Borges - PPGA\/UNIPAMPA\r\n<\/td>\r\n<\/tr>\r\n\r\n<tr>\r\n<td>Gest\u00e3o Estrat\u00e9gica no Setor e Servi\u00e7os P\u00fablicos<\/td>\r\n<td> Prof. Dr. Paulo Cassanego Junior \u2013 PPGA\/UNIPAMPA\r\n<br \/>Prof. Dr. Sebasti\u00e3o Airton da Rosa Cerqueira-Ad\u00e3o - PPGA\/UNIPAMPA\r\n<\/td>\r\n<\/tr>\r\n<tr>\r\n<td >Gest\u00e3o Estrat\u00e9gica Educacional<\/td>\r\n<td> Prof\u00aa. Dr\u00aa. Isabel Teresinha Dutra Soares - UFPEL\r\n<\/td>\r\n<\/tr>\r\n<tr>\r\n<td>Temas Emergentes em Estrat\u00e9gia<\/td>\r\n<td>Prof\u00aa. Dr\u00aa. Cibele Martins - UFSC<\/td>\r\n<\/tr>\r\n<\/tbody>\r\n<\/table>\r\n<br \/><h5>Internacionaliza\u00e7\u00e3o<\/h5\r\n><p>Prof\u00aa Dr\u00aa. Fl\u00e1via Luciane Scherer - PPGA\/UFSM<\/p>\r\n<h6>Tracks<\/h6>\r\n<table> \r\n<tbody>\r\n<tr>\r\n<td width=\"50%\">Economia Circular no Contexto Global<\/td>\r\n<td width=\"50%\"> <\/td>\r\n<\/tr>\r\n<tr>\r\n<td>Gest\u00e3o Internacional: estrat\u00e9gias e t\u00e1ticas<\/td>\r\n<td>Prof\u00aa. Dr\u00aa. Vanessa Almeida da Silva - IFFAR<\/td>\r\n<\/tr>\r\n<tr>\r\n<td>Estudos sobre a China<\/td>\r\n<td>Prof\u00aa Dr\u00aa. Alet\u00e9ia de Moura Carpes - PPGA\/UFSM<\/td>\r\n<\/tr>\r\n<tr>\r\n<td>T\u00f3picos Emergentes em Internacionaliza\u00e7\u00e3o<\/td>\r\n<td>Prof\u00aa. Dr\u00aa.  Ivanete Schneider Hahn - UNIARP<\/td>\r\n<\/tr>\r\n<\/tbody>\r\n<\/table>\r\n<br \/><h5>Contabilidade e Finan\u00e7as<\/h5>\r\n<p>Prof. Dr. Vin\u00edcius Costa da Silva Zonatto - PPGCC\/UFSM<br>\r\n Prof. Dr. Igor Bernardi Sonza - PPGA\/UFSM\r\n\r\n<\/p>\r\n<h6>Tracks<\/h6>\r\n<table>\r\n<tbody>\r\n<tr>\r\n<td width=\"50%\">Contabilidade Financeira e Governan\u00e7a Corporativa<\/td>\r\n<td width=\"50%\">Prof\u00aa. Dr\u00aa. Patricia Maria Bortolon - PPGCON\/UFES\r\n<br \/>Prof. Dr. Luiz Henrique Figueira Marquezan - PPGCC\/UFSM<\/td>\r\n<\/tr>\r\n<tr>\r\n<td>Contabilidade Ambiental e Relat\u00f3rios Sociais<\/td>\r\n<td>Prof. Dr. Antonio Zanin - PPGCCA\/UNOCHAPEC\u00d3\r\n<br \/>Prof\u00aa. Dr\u00aa. Marivane Vestena Rossato - PPGCC\/UFSM <\/td>\r\n<\/tr>\r\n<tr>\r\n<td>Contabilidade Governamental e Terceiro Setor<\/td>\r\n<td>Prof. Dr. Alexandre Costa Quintana - PPGCONT\/FURG\r\n<br \/>Prof. Dr. Cristiano Sausen Soares - PPGCC\/UFSM<\/td>\r\n<\/tr>\r\n<tr>\r\n<td>Controladoria e Controle Gerencial<\/td>\r\n<td>Prof. Dr. Carlos Alberto Diehl - PPGCC\/UNISINOS\r\n<br \/>Prof. Dr. Vin\u00edcius Costa da Silva Zonatto - PPGCC\/UFSM<\/td>\r\n<\/tr>\r\n<tr>\r\n<td>Temas Emergentes em Contabilidade<\/td>\r\n<td>Prof\u00aa. Dr\u00aa. M\u00e1rcia Bianchi - PPGCONT\/UFRGS\r\n<br \/>Prof\u00aa. Dr\u00aa. Larissa Degenhart - PPGCC\/UFSM<\/td>\r\n<\/tr>\r\n<\/tbody>\r\n<\/table>\r\n<br \/><h5>Agroneg\u00f3cio<\/h5>\r\n<p>Prof. Dr. Jo\u00e3o Fernando Zamberlan - UNICRUZ\r\n<br \/>Prof. Dr. Tiago Zadin Patias - PPGAGR\/UFSM<\/p>\r\n<h6>Tracks<\/h6>\r\n<table > \r\n<tbody>\r\n<tr>\r\n<td width=\"50%\">Inova\u00e7\u00e3o no Agroneg\u00f3cio<\/td>\r\n<td width=\"50%\">Prof. Dr. Jos\u00e9 Antonio Gonzalez da Silva - PPGMM\/UNIJU\u00cd<\/td>\r\n<\/tr>\r\n<tr>\r\n<td>Gest\u00e3o no Agroneg\u00f3cio<\/td>\r\n<td>Prof. Dr. Mois\u00e9s Centenaro - PPGDRS\/UEMS<\/td>\r\n<\/tr>\r\n<tr>\r\n<td>Sustentabilidade no Agroneg\u00f3cio<\/td>\r\n<td>Prof\u00aa. Dr\u00aa. Maria Margarete Baccin Brizolla - PPGDR\/UNIJU\u00cd<\/td>\r\n<\/tr>\r\n<tr>\r\n<td>Temas Emergentes em Agroneg\u00f3cio<\/td>\r\n<td>Prof. Dr. Jo\u00e3o Garibaldi Almeida Viana - PPGA\/UNIPAMPA<\/td>\r\n<\/tr>\r\n<\/tbody>\r\n<\/table>\r\n<br \/><h5>Estudos interdisciplinares sobre Covid-19<\/h5><p>Prof. Dr. Luis Felipe Dias Lopes - PPGA\/UFSM<br>\r\n  Prof. Dr. Gilnei Luiz de Moura PPGA\/UFSM<\/p><h6>Tracks<\/h6>\r\n<table> \r\n<tbody>\r\n<tr>\r\n<td width=\"50%\">Covid Epidemiol\u00f3gico<\/td>\r\n<td width=\"50%\">Prof. Dr. Carlos Heitor Cunha Moreira - PPGO\/CCS<\/td>\r\n<\/tr>\r\n<tr>\r\n<td>Impacto Educacional, Social e Cultural<\/td>\r\n<td>Prof. Dr. Jessye Melgarejo do Amaral Giordani - PPGO\/CCS<\/td>\r\n<\/tr>\r\n<tr>\r\n<td>Impacto na Sa\u00fade<\/td>\r\n<td>Prof. Dr. Thiago Machado Ardenghi - PPGO\/CCS<\/td>\r\n<\/tr>\r\n<tr>\r\n<td>Impacto nos Neg\u00f3cios<\/td>\r\n<td>Prof\u00aa. Dr\u00aa. Maria Em\u00edlia Camargo - PPGA\/UFSM\r\n<\/td>\r\n<\/tr>\r\n<tr>\r\n<td>Modelos de Previs\u00e3o Epidemiol\u00f3gica<\/td>\r\n<td> Prof\u00aa. Dr\u00aa. Angela Isabel dos Santos Dullius - PPGEMQ\/CCNE\/UFSM\r\n<br \/>Prof. Dr. Walter Priesnitz Filho - CTISM\/UFSM<\/td>\r\n<\/tr>\r\n<\/tbody>\r\n<\/table>\r\n\t\t\t\t<\/div>\n\t\t\t\t<\/div>\n\t\t\t\t\t<\/div>\n\t\t<\/div>\n\t\t\t\t\t<\/div>\n\t\t<\/section>\n\t\t\t\t<section class=\"elementor-section elementor-top-section elementor-element elementor-element-5e85bf7 elementor-section-boxed elementor-section-height-default elementor-section-height-default\" data-id=\"5e85bf7\" data-element_type=\"section\">\n\t\t\t\t\t\t<div class=\"elementor-container elementor-column-gap-default\">\n\t\t\t\t\t<div class=\"elementor-column elementor-col-100 elementor-top-column elementor-element elementor-element-d2535d7\" data-id=\"d2535d7\" data-element_type=\"column\">\n\t\t\t<div class=\"elementor-widget-wrap elementor-element-populated\">\n\t\t\t\t\t\t<div class=\"elementor-element elementor-element-8c22a20 elementor-widget elementor-widget-text-editor\" data-id=\"8c22a20\" data-element_type=\"widget\" data-widget_type=\"text-editor.default\">\n\t\t\t\t<div class=\"elementor-widget-container\">\n\t\t\t\t\t\t\t\t\t<h5>Turismo<\/h5><p>Prof\u00aa Dr\u00aa. Luciana Davi Traverso &#8211; PPGA\/UFSM<br \/>Prof\u00aa Dr\u00aa.\u00a0Caroline Ciliane Ceretta \u2013 UFSM\u00a0<\/p>\t\t\t\t\t\t\t\t<\/div>\n\t\t\t\t<\/div>\n\t\t\t\t<div class=\"elementor-element elementor-element-fde68a4 elementor-widget elementor-widget-heading\" data-id=\"fde68a4\" data-element_type=\"widget\" data-widget_type=\"heading.default\">\n\t\t\t\t<div class=\"elementor-widget-container\">\n\t\t\t\t\t<h6 class=\"elementor-heading-title elementor-size-default\">Tracks<\/h6>\t\t\t\t<\/div>\n\t\t\t\t<\/div>\n\t\t\t\t<div class=\"elementor-element elementor-element-988a020 elementor-widget elementor-widget-text-editor\" data-id=\"988a020\" data-element_type=\"widget\" data-widget_type=\"text-editor.default\">\n\t\t\t\t<div class=\"elementor-widget-container\">\n\t\t\t\t\t\t\t\t\t<table><tbody><tr><td width=\"50%\"><p>Turismo e Sustentabilidade<\/p><\/td><td width=\"50%\"><p>Prof\u00aa. Dr\u00aa. Claudia Toselli \u2013 Universidad del Salvador (USAL\/Argentina)<\/p><p>Profa. Dr\u00aa. Clarice Bastarz &#8211; UFPR<\/p><\/td><\/tr><tr><td>Turismo, Gest\u00e3o, Patrim\u00f4nio e Hospitalidade<\/td><td>Prof. Dr. Marcelo Ribeiro \u2013 UFSM<\/td><\/tr><tr><td>Temas emergentes em turismo<\/td><td><p>Prof. Dr. Marcos Filippim &#8211; UFPR<\/p><p>Prof\u00aa. Dr\u00aa. Adriana Brambilla &#8211; UFPB<\/p><\/td><\/tr><\/tbody><\/table>\t\t\t\t\t\t\t\t<\/div>\n\t\t\t\t<\/div>\n\t\t\t\t\t<\/div>\n\t\t<\/div>\n\t\t\t\t\t<\/div>\n\t\t<\/section>\n\t\t\t\t<\/div>\n\t\t","protected":false},"excerpt":{"rendered":"<p>Neste ano, frente aos desafios e \u00e0s oportunidades atreladas a pandemia da Covid-19, \u00e0 import\u00e2ncia da internacionaliza\u00e7\u00e3o de empresas no atual contexto global e ao relevante papel desempenhado pelo agroneg\u00f3cio na economia, na sociedade e no meio ambiente, foram incorporados tr\u00eas novos eixos aos temas do evento: Internacionaliza\u00e7\u00e3o, Agroneg\u00f3cio e Estudos Interdisciplinares sobre a Covid-19.&hellip;<\/p>\n","protected":false},"author":2,"featured_media":0,"parent":0,"menu_order":0,"comment_status":"closed","ping_status":"open","template":"","meta":{"footnotes":"","_links_to":"","_links_to_target":""},"class_list":["post-2964","page","type-page","status-publish","hentry"],"_links":{"self":[{"href":"https:\/\/ecoinovar.com\/10\/wp-json\/wp\/v2\/pages\/2964","targetHints":{"allow":["GET"]}}],"collection":[{"href":"https:\/\/ecoinovar.com\/10\/wp-json\/wp\/v2\/pages"}],"about":[{"href":"https:\/\/ecoinovar.com\/10\/wp-json\/wp\/v2\/types\/page"}],"author":[{"embeddable":true,"href":"https:\/\/ecoinovar.com\/10\/wp-json\/wp\/v2\/users\/2"}],"replies":[{"embeddable":true,"href":"https:\/\/ecoinovar.com\/10\/wp-json\/wp\/v2\/comments?post=2964"}],"version-history":[{"count":52,"href":"https:\/\/ecoinovar.com\/10\/wp-json\/wp\/v2\/pages\/2964\/revisions"}],"predecessor-version":[{"id":4340,"href":"https:\/\/ecoinovar.com\/10\/wp-json\/wp\/v2\/pages\/2964\/revisions\/4340"}],"wp:attachment":[{"href":"https:\/\/ecoinovar.com\/10\/wp-json\/wp\/v2\/media?parent=2964"}],"curies":[{"name":"wp","href":"https:\/\/api.w.org\/{rel}","templated":true}]}}